atest common divisor of 65028514 and 248?
62
What is the greatest common divisor of 11260157 and 10144?
317
Calculate the greatest common divisor of 8001 and 60452.
889
What is the highest common factor of 2341098 and 342?
18
What is the highest common factor of 23863587 and 99?
33
Calculate the greatest common factor of 82 and 2382895646.
82
Calculate the highest common factor of 20520 and 545775.
285
What is the greatest common divisor of 15 and 9850725?
15
Calculate the greatest common factor of 53710874 and 7014.
2338
Calculate the highest common divisor of 7485 and 490740.
15
What is the highest common factor of 228660 and 5994?
222
Calculate the highest common factor of 6 and 2718774.
6
What is the highest common factor of 523 and 169708793?
523
What is the greatest common divisor of 1506714 and 35002?
814
Calculate the greatest common divisor of 643305 and 48.
3
What is the highest common divisor of 10738117 and 3471?
1157
Calculate the highest common factor of 956502 and 3942.
54
What is the highest common factor of 1609697 and 7375?
59
What is the highest common factor of 61576 and 119712?
344
Calculate the highest common factor of 3207864 and 75864.
696
Calculate the highest common divisor of 714202 and 6386.
206
What is the highest common divisor of 15883176 and 54?
6
Calculate the highest common factor of 20454226 and 26.
26
What is the greatest common factor of 207129 and 4210401?
1833
What is the greatest common factor of 2481 and 34791?
3
Calculate the highest common factor of 50020 and 3786842.
82
What is the greatest common factor of 7413 and 139215081?
1059
What is the greatest common factor of 2595 and 49762585?
865
What is the greatest common factor of 11727874 and 1574?
1574
What is the greatest common divisor of 288 and 2039061888?
288
What is the greatest common factor of 34 and 68503812?
34
What is the greatest common factor of 48172 and 7876?
4
Calculate the greatest common factor of 418 and 1758754.
38
What is the highest common divisor of 768 and 51557568?
192
Calculate the highest common divisor of 478042 and 228542.
998
Calculate the highest common divisor of 68 and 181089508.
68
What is the greatest common divisor of 130080448 and 96?
32
Calculate the highest common factor of 176 and 258523232.
176
What is the greatest common divisor of 79046126 and 9411?
3137
Calculate the greatest common divisor of 716345 and 23625.
35
Calculate the greatest common factor of 69160 and 326534.
494
Calculate the greatest common divisor of 5624 and 3734792.
152
Calculate the greatest common factor of 1340 and 1114825.
5
What is the greatest common divisor of 3243 and 930008082?
3243
What is the highest common factor of 57024 and 47928?
24
What is the highest common divisor of 80 and 1530?
10
Calculate the greatest common divisor of 63003108 and 1344.
84
What is the greatest common factor of 23210 and 9197320?
110
Calculate the highest common factor of 32 and 4198496.
32
What is the highest common factor of 8323279 and 1060?
53
Calculate the highest common divisor of 2873143 and 637.
91
What is the highest common divisor of 9932396 and 4?
4
Calculate the highest common divisor of 48 and 21812016.
48
Calculate the highest common divisor of 2145 and 905710.
65
What is the highest common divisor of 14340105 and 270?
135
What is the highest common factor of 16494 and 680?
2
What is the highest common divisor of 139222 and 406602?
922
What is the greatest common factor of 122 and 456819118?
122
Calculate the greatest common factor of 5967 and 1219257.
1989
What is the greatest common factor of 97317 and 45639?
99
What is the highest common divisor of 52140 and 153427164?
10428
What is the greatest common divisor of 446516043 and 7314?
3657
What is the highest common factor of 6984 and 16713?
9
Calculate the highest common divisor of 9540 and 42634737.
477
What is the greatest common factor of 272146 and 3283?
49
What is the highest common divisor of 14081742 and 54?
54
Calculate the greatest common factor of 771830619 and 1932.
483
What is the greatest common factor of 1577800 and 411700?
2300
Calculate the highest common divisor of 1519 and 727587329.
1519
Calculate the greatest common factor of 351 and 13722669.
27
Calculate the highest common divisor of 23 and 2640009.
23
What is the greatest common factor of 5280249860 and 20?
20
What is the greatest common factor of 3245 and 15526440?
295
What is the highest common factor of 2405 and 6061315?
65
What is the greatest common factor of 1932708 and 5544?
12
Calculate the greatest common divisor of 6755 and 181816229.
1351
What is the greatest common factor of 13437393 and 610125?
4881
Calculate the greatest common factor of 924 and 1305216.
132
Calculate the highest common divisor of 554370542 and 7734.
2578
What is the greatest common divisor of 13427751 and 1416?
177
What is the greatest common divisor of 269 and 145833239?
269
What is the highest common factor of 341857 and 62624?
103
Calculate the greatest common factor of 1882556 and 360308.
2132
Calculate the greatest common divisor of 1861962 and 4902.
114
What is the greatest common divisor of 1420697408 and 32?
32
What is the highest common factor of 61711727 and 88?
11
Calculate the highest common factor of 277 and 25867091.
277
Calculate the greatest common divisor of 16632542 and 713.
23
What is the greatest common factor of 885 and 1297245?
15
Calculate the greatest common divisor of 272202498 and 108.
54
What is the greatest common divisor of 1806345 and 183717?
1233
What is the greatest common factor of 36676 and 2019256?
692
Calculate the highest common divisor of 100896 and 16716.
12
Calculate the greatest common divisor of 600 and 144598800.
600
Calculate the greatest common divisor of 4602817 and 27523.
1619
Calculate the greatest common divisor of 82303242 and 4.
2
What is the greatest common factor of 17116 and 5038?
22
What is the highest common divisor of 6750949 and 411?
137
What is the greatest common factor of 327353327 and 553?
553
What is the greatest common factor of 17056237 and 44?
11
Calculate the greatest common divisor of 48053 and 9138355.
1657
Calculate the greatest common divisor of 944 and 700032.
16
What is the highest common divisor of 2518750 and 62?
62
What is the highest common divisor of 114828603 and 348?
87
Calculate the highest common factor of 3919779 and 189.
27
What is the highest common factor of 33 and 330849420?
33
What is the greatest common divisor of 5723 and 230631?
59
Calculate the highest common factor of 26004221 and 4281.
1427
What is the highest common factor of 429258402 and 54?
18
Calculate the highest common divisor of 44616 and 5984.
88
What is the greatest common divisor of 208040 and 624680?
280
What is the highest common factor of 27489 and 237050?
11
Calculate the greatest common factor of 94 and 383528507.
47
Calculate the greatest common divisor of 60359775 and 225.
75
What is the highest common factor of 732851 and 14301?
7
Calculate the greatest common factor of 31304 and 706456.
8
What is the greatest common factor of 42606 and 152014?
526
What is the highest common divisor of 34 and 88995510?
34
What is the greatest common divisor of 332985 and 2823207?
843
What is the highest common divisor of 380 and 5568920?
20
What is the highest common divisor of 8560 and 2444415?
535
Calculate the highest common divisor of 574738 and 384334.
3526
What is the highest common divisor of 11 and 1905277?
11
Calculate the greatest common factor of 190182 and 120.
6
Calculate the highest common factor of 522162 and 42480.
18
Calculate the highest common factor of 2576 and 1055432.
56
Calculate the greatest common divisor of 4541 and 22040.
19
What is the highest common divisor of 125320 and 34866?
26
Calculate the greatest common factor of 12486754 and 2978.
2978
Calculate the highest common divisor of 12552 and 1640832.
24
What is the highest common factor of 85930 and 2830?
10
Calculate the highest common factor of 1281985034 and 5533.
5533
What is the greatest common divisor of 78 and 34704514?
26
Calculate the highest common factor of 4217 and 659.
1
What is the highest common divisor of 3292 and 19900?
4
What is the greatest common divisor of 414934 and 1846?
26
What is